5*u - q + 21. Let y(n) = u*n + 2*n - 7*n + 3. Determine y(x).
7
Let a(j) be the third derivative of j**6/120 + j**5/15 - j**4/24 + 5*j**3/6 - 3*j**2. Calculate a(-5).
-15
Let a(g) = -g**2 + 6*g - 10. Let z = 114 + -109. Give a(z).
-5
Let p(l) = -l**2 - 7*l + 6. Let f be p(-8). Let k(t) = -t - 2 - 1 + 2 + t**3. Determine k(f).
-7
Let q(s) be the third derivative of 0*s**3 + 0 + 1/12*s**4 - 3*s**2 + 0*s. Let h = -2 - 1. Determine q(h).
-6
Let c = -4 - -1. Let s(x) = 5*x + 3. Let o(j) = 8 + 3*j - 4 + 3*j. Let k(b) = 6*o(b) - 7*s(b). Calculate k(c).
0
Let y(d) = 4*d**2 + 0*d + 5 + d**3 - 6*d + 4*d + 6*d. Determine y(-4).
-11
Let v(g) = 2*g - 2. Suppose -4*u = -u. Suppose -x + 8 = -5*x + 2*o, u = 2*x + o - 4. Suppose 0*l + 5*l + 15 = x. Determine v(l).
-8
Let m(s) be the first derivative of -s**2 - s + 3. Calculate m(-3).
5
Suppose 2 = 5*q - 8. Suppose -q*s - 2 - 2 = 0. Let g be 0 - (-3)/s*-2. Let x(m) = m**2 - 5*m + 3. What is x(g)?
-3
Let s(i) be the first derivative of i**5/60 - i**4/8 - i**3/3 - i**2 - 6. Let n(o) be the second derivative of s(o). What is n(3)?
-2
Let u be 8/6*(-12)/(-8). Let r(l) = -l**u + 4*l + 0*l - 5*l + 0*l. Determine r(0).
0
Let q(p) = 7*p**2 - 2. Let k(v) = -15*v**2 + v + 5. Let w(l) = 4*k(l) + 9*q(l). Let s be ((-8)/3)/((-2)/(-6)). Let a = s + 6. Determine w(a).
6
Suppose 0 = -2*q + 3*t, -3*q + 2*t = -q. Let g(j) = j + 0 + 2*j**3 - 1 - j**3. Give g(q).
-1
Let s(z) = -4*z - 3. Let m(h) = 8*h + 7. Let o(y) = 2*m(y) + 5*s(y). What is o(2)?
-9
Let p(u) be the second derivative of u**5/20 + u**4/4 - u**3/2 - 2*u**2 + 15*u. Give p(-4).
-8
Let i(d) be the third derivative of -d**6/60 + d**5/60 + 10*d**2. Calculate i(-1).
3
Let a(r) = -r**3 - 5*r**2 - 5*r - 3. Suppose 3*q = -2*w, -w + 6*q - 11 = 2*q. Calculate a(w).
-6
Suppose 4*b = b - 18. Let h(v) be the second derivative of 0 - 1/6*v**3 - 7/2*v**2 - v. Calculate h(b).
-1
Let h(m) be the second derivative of m**5/10 + m**3/3 + m**2/2 + 16*m. Give h(2).
21
Let u(d) = d - 11. Let s be u(6). Suppose 4*v = 2*l + 2*v - 6, 4*v + 3 = l. Let n(a) = 3*a + 3 - 5 - a**l - 1 - 4*a**2. Give n(s).
7
Let u(s) be the first derivative of s**4/4 - 2*s**3 + s**2/2 - 6*s + 21. Give u(6).
0
Suppose -p - 6 = 2*p. Let g(d) = 7*d - 1. Determine g(p).
-15
Let t(k) = -3*k - 7. Let x(o) = 2*o + 5. Let p(z) = -5*t(z) - 7*x(z). What is p(-2)?
-2
Let s be ((-6)/9)/(1/(-3)). Suppose s*n + 0*x = -2*x - 6, -3*x - 25 = -5*n. Let a(i) = 1 + n - 2 + i**2 - 4*i. Give a(3).
-2
Let q = 111 + -109. Let k(d) = -2*d + 2. Determine k(q).
-2
Let f(x) = x**3 - 7*x**2 - 3*x + 10. Suppose 6*k = 2*k + 5*s + 8, -3*k + 33 = 3*s. Determine f(k).
-11
Let u(p) = p**3 + 3*p**2 - 4*p + 3. Let g be u(-4). Let m(k) = k - 4. Give m(g).
-1
Let m(y) be the second derivative of -y**3/3 - 3*y. Let o be (4 + -3 + 0)*-2. What is m(o)?
4
Let g be (-11)/2 - 65/(-26). Let o(i) = i**3 + i**2 - 2*i + 4. Give o(g).
-8
Let a(t) = -2*t + 6. Let x(n) = -1. Let y(m) = a(m) + 4*x(m). Suppose 4*r - 4 = -4*h + h, -4*r = -3*h - 28. Calculate y(h).
10
Let y(p) = -2*p - 5. Suppose 0*u + 12 = 2*u. Let q be u/9*3/2. Let l be ((-4)/(-8))/(q/(-10)). Calculate y(l).
5
Let d(r) = 6*r**2 - 1. Let i be d(1). Suppose 0 = k - 2*k + i. Let o(v) = -2*v**3 + v**3 - 4*v + 6*v**2 - 2*v + 5. What is o(k)?
0
Suppose 4*c + 102 = 90. Let n(l) = -2*l**2 - 5*l - 4. Determine n(c).
-7
Let q(d) = 6*d - d**2 + 0 - 4*d + 5. Suppose -6*n = -n - 20. Give q(n).
-3
Let b(a) be the third derivative of -a**6/360 - a**4/8 + 2*a**2. Let v(i) be the second derivative of b(i). Give v(-2).
4
Let d be (2/(2 + 0))/(-1). Let l(p) = -p - 3. Let i(w) = 8*w + 26. Let n(z) = -6*i(z) - 52*l(z). Let u be n(d). Let k(x) = -x**2 - 4*x + 4. Determine k(u).
4
Let a = 30 + -25. Let d(q) be the second derivative of -q + 3/2*q**2 - 1/12*q**4 + 0 + 5/6*q**3. Give d(a).
3
Let s(t) = -t**2 + 7*t + 7. Let p be s(8). Let f(a) = -1. Let u(l) = -l + 7. Let b(o) = p*u(o) - 4*f(o). Determine b(4).
1
Let l(t) = -t**2 + 1. Let f(x) = -5*x**2 - 3*x - 2. Let a(d) = f(d) - 6*l(d). Give a(6).
10
Let l = -4 - -7. Let u be (-9)/l - 3/1. Let n(b) = b + 4. Give n(u).
-2
Let p = -3 - -1. Let t(z) = -z**3 + 4*z**2 + 5*z + 2. Let c be t(5). Let g(q) = 6 - 4 + 0*q + c*q. Give g(p).
-2
Suppose 2*d = 5*m - 10, m + d = -2*d + 2. Let c(z) be the second derivative of z**5/20 - z**4/6 + z**3/3 - 3*z**2/2 + z. What is c(m)?
1
Let x(c) = c**2 - 6*c - 2. Let g be 7 + -1 + 0 + -3. What is x(g)?
-11
Let v(y) = y**2 - 2. Let r be v(2). Let i(k) = 2*k**2 - 2 + r*k**2 - 3*k**2 - 3*k. Let g(s) = -2*s - 2. Let t be g(-3). Give i(t).
2
Suppose -3*s + 2 = -1. Let i(a) = 6*a**3 + a**2 - a. Calculate i(s).
6
Let w(g) = g**3 + 6*g**2 + 5*g + 3. Let x be w(-5). Let f(j) be the first derivative of -j**2 - 2 - 4*j + 4*j - x*j + 1. Give f(4).
-11
Suppose 0*g - 15 = 3*g. Let b = 9 + g. Let v(h) = 11*h**3 - 17*h**2 + 7*h + 7. Let f(r) = 5*r**3 - 8*r**2 + 3*r + 3. Let s(o) = b*v(o) - 9*f(o). Determine s(4).
5
Let b(z) = z**2 + 2*z. Suppose -t = -0*v + v - 2, 0 = -3*v - 5*t + 4. Suppose 0 = -k - v*u - 10, -3*k + 4*u = -0*k - 22. Suppose 2*j = -6 + k. Give b(j).
0
Let j(o) = o**2 - 8*o + 2. Let z be j(7). Let g = -5 + 5. Let v(t) = 5 + 2*t + g + 0. Determine v(z).
-5
Let v(w) be the third derivative of -w**8/20160 - w**6/120 - w**5/15 - 2*w**2. Let j(m) be the third derivative of v(m). Calculate j(0).
-6
Suppose -7*v + 3*v + 12 = 0. Suppose v*g = g - 8. Let t(o) be the second derivative of -o**5/20 - o**4/3 + o**3/3 + 5*o**2/2 + 11*o. What is t(g)?
-3
Suppose 0*i - 5*i = 4*l - 2, 0 = -5*i - 2*l + 6. Let n(k) = -6*k - 3. Let o(x) = -12*x - 5. Let t(b) = 11*n(b) - 6*o(b). What is t(i)?
9
Suppose -4*s - 7 = -31. Suppose 2*n - 3*u - 29 = -8*u, -4*n + 33 = 5*u. Let p(l) = l + 3 + n*l - 4*l. Calculate p(s).
-3
Let n(s) = -2*s**2 + 15 - 2*s - 11 + 0*s**2. Give n(-3).
-8
Suppose 0 = 5*r - 4 - 6. Let u(o) = -r*o**2 + o - 1 - 4*o**3 + 3*o**3 + 2. Calculate u(-3).
7
Let a(t) = 4*t**2 - 2*t + 1. Let j(r) = r**3 + r**2 - r + 19. Let u be j(0). Let o = u + -18. What is a(o)?
3
Let v(k) be the third derivative of 0 + 4*k**2 + 0*k**3 - 1/24*k**4 + 0*k. What is v(5)?
-5
Let d(n) = 0*n**3 + 14*n**2 + 5 - 13*n**2 + n**3. Determine d(0).
5
Let o(j) = -j**3 - 3*j**2 - 4*j - 2. Let z be (-4 - -4)/(-1 - 1). Let g(v) = -v**2 + 5. Let r be g(z). Suppose 2*s + 4*w = 2*w - 10, -r*w - 22 = 4*s. Give o(s).
10
Let t(f) = 7*f + 1 - 1. Suppose -4*l = -2*a - 10, 9 = a - 4*a. Give t(l).
7
Let s = -53 - -51. Let a(j) = -9*j**2 - 4*j - 7. Let g(f) = 8*f**2 + 4*f + 6. Let n(k) = 4*a(k) + 5*g(k). What is n(s)?
10
Let o(y) = y**3 - 6*y**2 + 4*y + 3. Let k(d) = -d**2 + 13*d - 7. Let p be k(12). What is o(p)?
-2
Let f(a) = -4*a**3 - 25*a**2 + 8*a - 11. Suppose 2*t = 9 - 23. Let l(j) = 3*j**3 + 17*j**2 - 5*j + 7. Let v(b) = t*l(b) - 5*f(b). Give v(5).
6
Let d(o) = -1. Let i(y) = -2*y + 3. Let n(a) = 3*d(a) + i(a). Let u(r) = -4*r - 17. Let c(w) = 3*w + 11. Let p(z) = 7*c(z) + 5*u(z). Let j be p(6). Give n(j).
4
Suppose 0*u = -2*u. Let c(y) = -1 - y + 11 - y + 3*y. Calculate c(u).
10
Let k(u) = u**3 + 5*u**2 - 6*u - 6. Let x(p) be the third derivative of -p**6/120 - p**5/12 - p**4/8 - p**3/3 - 4*p**2. Let o be x(-4). Calculate k(o).
-6
Suppose -5*i + 40 = 5*y, 4*y = 3*y + 2*i + 5. Let v = 10 - y. Suppose -2*f - 15 = v*f. Let q(z) = 2*z - 1. Determine q(f).
-7
Suppose 2*x - 3*i - 6 = -2, 0 = -2*i + 4. Let k(c) = 1 + 1 + 3*c - 5*c**2 - 1 + c**3 - x. What is k(4)?
-8
Let s(p) = 7*p**3 + p**2. Let a = -1 + -3. Let j be 1/((-1)/a*-2). Let x be j/14 + 8/7. Calculate s(x).
8
Let b(r) = r + 3. Suppose 2*v = -4*z - z + 57, -3*z = 5*v - 114. Suppose 5*w - q = -v, -w = -3*w + q - 9. What is b(w)?
-1
Let z = -3 - -3. Let q = 1 + z. Let g(d) = q - 2 - d + 0*d. Calculate g(1).
-2
Let z(y) = y**3 + 3*y**2 - 3*y. Let d be z(-3). Let c(f) = -d - 8*f - 3*f**2 + 2*f**2 + 0*f**2 + 0*f. Calculate c(-6).
3
Let w be ((-6)/18)/((-2)/48). Suppose p - w = -0*c + 2*c, 0 = 4*p - c - 18. Let z(o) = -o**3 + 5*o**2 - o + 1. What is z(p)?
13
Let j(r) = r - 6. Suppose 2*u - 4*u = 0. Calculate j(u).
-6
Let p(b) = 1. Let a(k) = -2*k. Let z(o) = -a(o) + p(o). Let c be 8/24*24/4. What is z(c)?
5
Let d(l) = l**3 + 7*l**2 + 5*l - 8. Let q be d(-6). Let z be (-4)/(-14) - 12/(-7). Let k(w) = -w - w**2 + 2*w - 2 - z*w. Determine k(q).
